 + 70430. Give p(10).
-370
Let b(h) = 2*h**3 - 131*h**2 + 48*h + 1108. Calculate b(65).
3
Let o(s) = s**2 + 90*s - 143923. Give o(337).
-24
Let n(f) = -2376*f**2 + 7024*f + 13. Give n(3).
-299
Let n(l) = l**3 - 6*l**2 + 630*l + 10156. Calculate n(-12).
4
Let b(x) = 12877*x + 77284. Calculate b(-6).
22
Let y(x) = 3*x**2 - 74*x - 16. What is y(7)?
-387
Let n(y) = 12982*y + 142768. Calculate n(-11).
-34
Let i(x) = 16502*x + 99005. Calculate i(-6).
-7
Let f(d) = -22*d**3 - 817*d**2 - 102*d + 480. Determine f(-37).
147
Let b(f) = -f**2 + 958*f - 58167. What is b(65)?
-122
Let u(s) = s**2 - 30*s - 478. Determine u(44).
138
Let f(k) = k**2 - 224*k + 2702. What is f(212)?
158
Let t(w) = -12*w**3 + 133*w**2 - 17*w + 71. Calculate t(11).
5
Let h(j) = j**3 + 226*j**2 - 34779*j - 7961. Give h(-331).
-17
Let u(b) = 57*b**3 + 566*b**2 - 46*b - 54. Give u(-10).
6
Let s(u) = -46*u**2 - 387*u + 1649. What is s(-11)?
340
Let h(p) = -3*p**2 - 353*p - 337. What is h(-1)?
13
Let f(g) = -g**3 + 11*g**2 + 142*g + 337. Calculate f(19).
147
Let g(x) = -x**3 + 234*x**2 - 9458*x - 301. Determine g(52).
11
Let l(a) = 408*a + 55318. What is l(-137)?
-578
Let i(k) = 1941*k - 7488. Give i(4).
276
Let f(u) = -u**3 - 122*u**2 - 5*u + 80. Calculate f(-122).
690
Let p(t) = -t**2 - 1416*t + 25523. Determine p(18).
-289
Let j(c) = 356*c + 47097. Determine j(-131).
461
Let c(v) = v**2 + 501*v + 22556. Calculate c(-50).
6
Let j(i) = 29*i**2 + 440*i + 1729. Determine j(-8).
65
Let b(w) = 8*w**3 + 2957*w**2 + 4781*w - 1105. Calculate b(-368).
-1
Let v(b) = b**3 - 19*b**2 + 592*b - 8691. What is v(16)?
13
Let u(n) = 3249*n + 79658. Give u(-23).
4931
Let x(l) = 37*l**2 - 100*l + 110. Determine x(3).
143
Let r(k) = -k**3 + 54*k**2 - 478*k - 3307. Determine r(40).
-27
Let c(h) = 2145*h + 90070. Give c(-42).
-20
Let s(m) = m**3 + 170*m**2 + 3524*m + 282. Determine s(-24).
-198
Let p(r) = 182*r + 27367. What is p(-147)?
613
Let z(s) = -4*s**3 + s**2 + 254*s - 441. What is z(7)?
14
Let k(j) = -3*j**2 + 14*j + 539. Calculate k(0).
539
Let c(j) = 2*j**3 - 49*j**2 + 12*j - 19. Determine c(4).
-627
Let h(i) = -139*i + 1376. Give h(12).
-292
Let n(r) = -9642*r - 28937. What is n(-3)?
-11
Let m(b) = 85374*b - 1707520. Calculate m(20).
-40
Let z(d) = -d**3 - 17*d**2 + 3324*d + 19975. What is z(-6)?
-365
Let k(i) = -i**3 + 3*i**2 + 1265*i + 3750. Calculate k(-3).
9
Let w(r) = 2*r**2 + 242*r + 533. Determine w(-119).
57
Let q(v) = -31252*v + 312496. Determine q(10).
-24
Let b(j) = 519*j + 70508. Give b(-121).
7709
Let o(t) = t**3 - t**2 - 102*t + 1. Determine o(11).
89
Let k(x) = -1947*x + 31118. What is k(16)?
-34
Let h(n) = n**3 + 106*n**2 + 248*n + 3613. Determine h(-104).
-547
Let t(i) = -i**3 + 80*i**2 + 14*i - 1098. Give t(80).
22
Let s(y) = 1687*y - 386321. Give s(229).
2
Let c(u) = -10*u**2 - 2321*u - 105345. Give c(-62).
117
Let s(z) = 53*z**2 - 2*z - 42. Determine s(-3).
441
Let o(y) = 293*y - 14173. What is o(44)?
-1281
Let f(p) = 8519*p - 51163. Give f(6).
-49
Let s(a) = a**2 - 112088*a + 672498. Give s(6).
6
Let b(j) = -11702*j - 23403. Determine b(-2).
1
Let n(h) = h**3 - 20*h**2 - 6*h + 1245. Give n(14).
-15
Let l(i) = -i**3 + 571*i - 4450. Calculate l(18).
-4
Let p(n) = -60*n**2 + 20062*n - 7355. Determine p(334).
-7
Let x(y) = -y**3 + 27*y**2 + 949*y - 413. Give x(47).
10
Let n(d) = -d**2 - 1057*d - 56217. Calculate n(-57).
783
Let g(u) = -14*u**2 - 539*u + 388783. What is g(-187)?
10
Let f(v) = -v**2 - 1304*v + 109252. Give f(79).
-5
Let q(g) = 2*g**2 - 303667*g - 3948004. What is q(-13)?
5
Let p(w) = w**2 - 5087*w + 45708. What is p(9)?
6
Let b(q) = -78*q**3 + 22*q**2 + 18*q + 2. Give b(-2).
678
Let k(v) = 633*v + 3855. Give k(-6).
57
Let s(i) = 267*i**2 - 808*i - 200. Determine s(3).
-221
Let m(l) = -162*l + 14958. What is m(92)?
54
Let z(o) = 713*o - 1162. Give z(2).
264
Let c(y) = 239*y**3 - 94*y**2 + 181*y + 25. Determine c(2).
1923
Let h(s) = 20151*s - 60459. Calculate h(3).
-6
Let s(u) = 1259*u + 50054. Determine s(-40).
-306
Let u(q) = 11*q**2 - 18*q - 44. Calculate u(-5).
321
Let o(u) = 10302*u + 41220. Determine o(-4).
12
Let s(k) = 2*k**3 + 77*k**2 - 1528*k - 3456. Calculate s(16).
0
Let d(j) = -466*j - 1387. Calculate d(-3).
11
Let x(u) = 6*u**2 - 1298*u - 111104. What is x(282)?
4
Let r(i) = -2*i**3 + 422*i**2 - 17760*i + 1841. Determine r(153).
5
Let f(i) = 34267*i + 5654056. Calculate f(-165).
1
Let c(g) = 2*g**3 - 11*g**2 - 175*g - 211. Give c(-6).
11
Let v(m) = 2303709*m + 34555634. Determine v(-15).
-1
Let j(s) = 18*s**3 + 411*s**2 - 78*s - 237. Determine j(-23).
-30
Let h(u) = 56*u**2 + 710*u + 2144. Give h(-7).
-82
Let k(z) = -161*z**2 - 69071*z - 771. Give k(-429).
87
Let c(k) = -2*k**2 + 225*k - 5775. What is c(40)?
25
Let p(a) = a**2 + 59172*a + 20. Give p(0).
20
Let q(d) = -616*d - 50506. Give q(-82).
6
Let f(t) = 3063*t + 95036. Give f(-31).
83
Let a(c) = -438*c - 134530. What is a(-307)?
-64
Let u(s) = s**3 - 33*s**2 - 30*s - 1177. Give u(36).
1631
Let l(k) = -57*k**2 + 68121*k - 7172. What is l(1195)?
-2
Let k(g) = g**2 - 818*g - 32714. Give k(-39).
709
Let t(m) = m**2 + 165*m - 97841. Give t(241).
5
Let h(p) = 2*p**3 + 8*p**2 + 25*p - 54. Determine h(-7).
-523
Let l(f) = 12*f**2 + 3345*f + 9072. Give l(-276).
-36
Let y(w) = 264*w - 14698. Calculate y(56).
86
Let v(y) = -15*y**2 - 1666*y + 1669. Determine v(1).
-12
Let n(g) = 2*g**2 - 3035*g + 191387. Determine n(66).
-211
Let k(j) = -50*j**3 + 486*j**2 + 134*j - 12. Determine k(10).
-72
Let r(h) = -h**3 - 71*h**2 + 1713*h - 199. Determine r(-90).
-469
Let u(a) = -168*a + 35163. What is u(209)?
51
Let v(w) = -8*w**2 - 18001*w - 587505. Determine v(-2217).
0
Let j(r) = 2591*r - 551832. Calculate j(213).
51
Let f(z) = -5586*z + 111725. Determine f(20).
5
Let f(l) = 4*l**2 - 11767*l - 11777. Give f(-1).
-6
Let p(v) = 1052916*v - 7370416. Determine p(7).
-4
Let i(d) = -4*d**2 + 1192*d - 51958. Give i(245).
-18
Let g(c) = -2*c**2 + 335*c - 8190. Give g(30).
60
Let n(l) = -482*l**2 - 4807*l + 55. Calculate n(-10).
-75
Let c(r) = -r**2 - 116*r - 3110. Give c(-35).
-275
Let r(b) = -b**3 + 7*b**2 + 74*b - 299. Calculate r(17).
-1931
Let m(s) = 2*s**3 + 75*s**2 - 85*s - 326. What is m(-39)?
-1574
Let x(u) = -u**3 - 263*u**2 - 1288*u + 519. Give x(-258).
3
Let b(k) = 72*k**2 + 2167*k + 226. Give b(-30).
16
Let z(d) = 12*d + 2339. What is z(-51)?
1727
Let c(z) = -10*z**2 - 894*z - 8051. Give c(-9).
-815
Let q(a) = -4*a**2 + 706*a + 11474. Calculate q(-15).
-16
Let r(c) = 20*c**3 + c**2 - 935*c - 936. Determine r(-1).
-20
Let l(j) = 2*j**3 + 2*j**2 - 17932*j - 35855. Calculate l(-2).
1
Let c(l) = 3*l**3 + 17*l**2 - 55*l - 326. Calculate c(-7).
-137
Let a(w) = w**2 - 671*w + 87738. Determine a(178).
-16
Let d(q) = -1803*q + 3320. Determine d(2).
-286
Let l(q) = 610002*q + 1830004. What is l(-3)?
-2
Let c(z) = 203081*z - 406169. Calculate c(2).
-7
Let r(n) = -n**3 - 3*n**2 + 1153*n + 7882. Determine r(-7).
7
Let t(q) = -4*q**3 + 125*q**2 + 3807*q - 152. What is t(-19)?
76
Let o(x) = -x**3 - 64*x**2 - 885*x + 3764. Calculate o(-29).
-6
Let c(i) = -i**3 - 34*i**2 + 175*i + 551. Calculate c(-40).
3151
Let v(f) = -7148*f - 49795. Determine v(-7).
241
Let x(v) = 174*v**2 + 10577*v - 2247. Calculate x(-61).
10
Let i(t) = -2*t**3 + 78*t**2 - 79*t + 121. What is i(38)?
7
Let o(j) = j**2 - 292*j - 3046. Calculate o(-11).
287
Let i(p) = -p**3 + 84*p**2 + 99*p - 1306. What is i(85)?
-116
Let i(d) = -d**3 - 15*d**2 + 1137*d + 1. Give i(0).
1
Let s(j) = -j**3 + 4*j**2 - 162*j + 2626. Calculate s(11).
-3
Let f(t) = 4454*t + 52045. What is f(-12)?
-1403
Let s(i) = -7363*i + 95718. Give s(13).
-1
Let k(x) = 133*x - 3113. Give k(15).
-1118
Let t(p) = 7*p**2 - 299*p + 3144. Calculate t(10).
854
Let r(t) = -18*t**2 - 1782*t - 27398. Give r(-19).
-38
Let y(x) = -34005*x + 544066. What is y(16)?
-14
Let s(v) = -36276*v - 4969809. Give s(-137).
3
Let v(d) = -5*d**2 + 2004*d - 9921. What is v(5)?
-26
Let f(i) = -3*i**3 - 236*i**2 + 1247*i - 8142. Give f(-84).
6
Let m(x) = 4*x**2 + 62971*x + 1446211. Determine m(-23).
-6
Let q(g) = 4567*g + 136240. What is q(-30)?
-770
Let i(k) = 6244*k + 74942. Determine i(-12).
14
Let g(s) = -8*s**2 - 1049*s - 736. What is g(-130)?
434
Let s(b) = -691*b + 42777. Calculate s(60).
1317
Let w(q) = 3*q**3 -